uppose -i = -5*d + 81. What is the tens digit of d?
2
Let v = -8 + 33. What is the tens digit of v?
2
Suppose o + 3 + 0 = 0. What is the units digit of 26/6 - 2/o?
5
Let u(i) = -i**3 + 7*i**2 - 3*i + 1. Let h be u(6). Suppose 2*o = -n - 4, 0 = -3*o - h + 7. Suppose -3*f - n = -4*f. What is the units digit of f?
4
Suppose 5*q = -0*q + 5*l - 25, -3*q = -2*l + 10. Suppose 0 = -q*g - 4*g - 28. What is the units digit of ((2 - 0) + g)/(-1)?
5
Suppose -16 = -4*x + 5*c, -5*x + 5*c = -16 + 1. Let d = 4 - x. What is the units digit of d?
5
Suppose -t + 3*t - 2*u - 46 = 0, 0 = 2*t - u - 48. What is the units digit of t?
5
Let y(g) = -g**2 - 11*g + 5. What is the tens digit of y(-8)?
2
Let v = 22 - 16. Suppose v*h - 93 = 3*h. What is the units digit of h?
1
What is the units digit of (54/(-15))/(3/(-50))?
0
Let o(t) = 2*t - 1. Suppose 1 + 0 = j. Let b be o(j). Suppose -2*z + q + 3 = 0, -q = -b - 0. What is the units digit of z?
2
Suppose 0 = -4*o + 5*f - 5, 0 = -4*o + 4*f - 4. Suppose 5*z - 43 + 8 = o. What is the units digit of z?
7
What is the units digit of (-18)/(-30) - 154/(-10)?
6
Let i = -218 + 309. What is the units digit of i?
1
Suppose 0 = -5*t - 5*v + 155, -2*t = 3*t - 3*v - 195. What is the tens digit of t?
3
Let k be (2/(-5))/(4/(-10)). Let x(i) = 12*i. What is the units digit of x(k)?
2
Suppose 3*i + 0*i = -9, -i = -5*c + 133. What is the tens digit of c?
2
Suppose f - 68 = -i, -5*i - 174 = 3*f - 506. What is the units digit of i?
4
Let l = -30 - -44. What is the tens digit of l?
1
Let n be 5/((0 + 3)/3). Suppose 2*t = -3*l + 2, n*t - 3*l = 2*l + 5. What is the units digit of t?
1
Let c be 6/9 - (-1)/3. Let y be (-4)/(-6)*3/c. What is the units digit of 19/y - (-9)/(-6)?
8
Let p(w) = -20*w - 2. Let q be p(-2). Let j = -21 + q. What is the units digit of j?
7
What is the units digit of (-3264)/(-17)*(-1)/(-2)*1?
6
Let p = -25 + 16. Let u = p + 43. Suppose 0 = 3*j + 12, 2*h - 2*j = u + 16. What is the tens digit of h?
2
Suppose -2*d - 2*a + 10 = 0, 2*d - 4*d = -2*a - 2. What is the units digit of d?
3
Suppose -l - 3*l + 164 = 0. Suppose 2*s + 51 = 5*k, 11 - l = -5*k - 5*s. What is the units digit of k?
9
Let o(n) = n - 4. Let y be o(7). Suppose y*d = -d + 80. What is the units digit of d?
0
Let z = 236 + -122. What is the units digit of z?
4
Suppose -4*n - 20 + 136 = -4*k, -2*n + 61 = k. What is the units digit of n?
0
Suppose 0 = 4*y - 9*y + 25. Suppose y*v = 49 + 36. What is the tens digit of v?
1
Let u = -27 + 62. What is the tens digit of u?
3
Let p be (-18)/4*(-4)/6. Suppose -5*h + p*t = 8*t + 30, -4*h = -5*t - 12. What is the units digit of (-4)/h - (-3 - 0)?
5
What is the units digit of (-12)/54 + 11996/36?
3
Let f(l) be the first derivative of 1/3*l**3 + 7*l - 3 + 3*l**2. What is the units digit of f(-6)?
7
Suppose 0 = 5*h + 53 - 228. What is the units digit of h?
5
Suppose -2*q = -4, -3*q - 200 = -5*w - 41. Suppose -2*s - s = -w. What is the units digit of s?
1
Let o = -20 + 17. What is the tens digit of 57*(o - (-40)/12)?
1
Let y(j) = 69*j**2 - 1. Let n be y(1). Suppose 0*b = -3*b - 3*a - 51, 5*a = -4*b - n. Let w = b + 29. What is the tens digit of w?
1
What is the hundreds digit of -205*(-3 + 2)*1?
2
Let r(g) = -g**2 - 2*g - 1. Let s be r(-1). What is the units digit of 0 + s - (-18 + -5)?
3
Let x be 0 - (2 - 3) - -8. What is the units digit of 44/6 - (-6)/x?
8
Let g(x) = x**3 - 12*x**2 - 5*x - 6. What is the units digit of g(13)?
8
Let c(r) = -r + 7. Let g = 4 - 4. Let l be c(g). Suppose -3*y - 1 = 5*x - l, y + 4*x = -5. What is the units digit of y?
7
Let u(l) = -l**3 + 10*l**2 + 12*l - 3. What is the units digit of u(11)?
8
What is the tens digit of (-2)/(5/((-4090)/4))?
0
Let r(h) = -18*h - 2. What is the tens digit of r(-1)?
1
Let d(k) = -4*k**2 + 5*k + 8. Let a(x) = 5*x**2 - 5*x - 9. Let v(s) = -5*a(s) - 6*d(s). Let j be v(-5). What is the units digit of 3*10*(-1)/j?
0
Suppose 33 = -2*b + 3*y, y - 5*y + 20 = 0. What is the units digit of 2/(2 + 12/b)?
3
Suppose m = 4*m - 15. What is the tens digit of (3/6)/(m/410)?
4
Suppose -16*y + 932 = -236. What is the tens digit of y?
7
Suppose 0 = -0*v - 4*v - 8. What is the tens digit of v/6 - 61/(-3)?
2
Suppose -3*i + 5*n = -2*i + 13, 3*n = -3. Let o = i + 31. What is the tens digit of o?
1
Suppose -6*j + j + 55 = 0. Let w = -8 + j. What is the units digit of w?
3
Let c(u) = 2*u**2 - 3*u + 1 + 0 - 2*u - u. Let s(m) = m**2 + m - 2. Let o be s(2). What is the units digit of c(o)?
9
Let f = -1 - -1. Let p = f - -1. Let v = p - -5. What is the units digit of v?
6
Suppose 0 = -b + 2*b + 3. Let l = 5 + b. Suppose 0*f + 2 = l*f. What is the units digit of f?
1
Let b(n) = -n + 6. Let y be b(6). Suppose 3*k - 159 = -y*k. What is the tens digit of k?
5
Let r(c) = 2*c - 7. Let g be r(5). Suppose -g*d + 142 = 5*z - d, -2*z + 2*d = -68. What is the tens digit of z?
3
Let h be (27/6)/((-3)/4). Let l = 10 + h. What is the units digit of l?
4
Let k = 17 + -23. Let d(g) = -g + 5. What is the units digit of d(k)?
1
Let w(z) = z**3 + 2 - 14*z**2 - 2 + 13*z + 6. What is the units digit of w(13)?
6
Let y = -61 - -111. Suppose 2*b + 3*s - 20 = 0, -5*b = -4*s - s - y. What is the tens digit of b?
1
Let u = -95 - -42. Let b be (-131)/4 - 2 - 5/20. Let k = b - u. What is the tens digit of k?
1
Suppose 0 = -4*w + 10*w - 1116. What is the hundreds digit of w?
1
Let p(n) = -n**2 + 1. Let t be p(4). What is the units digit of ((-27)/t)/(3/15)?
9
Suppose -q - 2*m = -6, 2*m = -2*q - 3*m + 10. What is the units digit of q?
0
Let d(b) = -b**3 - 6*b**2 - b - 3. Let r be d(-6). Let x be -1 - -19 - (5 - r). Suppose -5*o - 20 = 0, 2*o + x = 4*j + o. What is the units digit of j?
3
What is the units digit of 13/52 + (-267)/(-4)?
7
Let h(z) = 3 + z - 2 - 5. Let u be h(6). Suppose 0 = u*k - 13 + 1. What is the units digit of k?
6
Suppose 2*z - 4 = 0, 0*z - 372 = -4*j - 2*z. What is the units digit of j?
2
Suppose -2*v - 5*s + 26 = 0, -2*v + 0*s = -3*s + 6. Suppose h + 4*m + 2 + 3 = 0, v*h - 30 = -3*m. What is the units digit of h?
5
Let g(a) = -45*a**2 - 2*a + 1. Let i be g(1). Let b be i/(-14) + (-4)/14. Let q = -2 + b. What is the units digit of q?
1
Suppose 3*c - 8*c + 35 = 0. What is the units digit of c - (-1)/(-1) - -2?
8
Suppose 0 = 5*r - 20, -2*b + 3*r + 12 = 2*b. Let w = 9 - 13. Let j = w + b. What is the units digit of j?
2
Let q be -16 - (1 - 0)*-1. Let a = -9 - q. What is the units digit of a?
6
Let z = 201 + -104. What is the units digit of z?
7
Suppose -19 = -3*z + 14. Suppose 26 = z*p - 10*p. What is the units digit of p?
6
Let r(a) = a + 6. Let n be r(0). Let q = n - -3. What is the units digit of q?
9
Let m(g) = -g - 4. Let y be m(-4). Suppose 4*v - 8 = y, -v + 14 = -0*w + 4*w. What is the units digit of w?
3
Let i(s) = 16*s + 8. What is the units digit of i(7)?
0
Let d(r) = r**2 + 4*r. Let h be d(-6). Suppose 2*z + 2 = h. Suppose 30 = z*u - 45. What is the tens digit of u?
1
Suppose -4*n + 13 = 5*k - 32, 0 = 5*n - 4*k - 5. Suppose n*j + 14 = -2*o - 7, -3*o + j + 11 = 0. What is the units digit of o?
2
Suppose 0 = -3*f - 3, 5*g - 9 = 3*g + 3*f. Suppose -3*m + 2*m - g*s = 2, -2*m - 1 = 3*s. Let p(t) = 8*t**3 + 2*t**2 - 1. What is the units digit of p(m)?
9
Let x be (-1)/((-6)/4*1/3). Suppose -3*o + 12 = -3*y, -2*y + y + 3*o - 8 = 0. Let f = x - y. What is the units digit of f?
4
Suppose t = 4*d - d + 147, 0 = 3*t + 5*d - 483. What is the tens digit of t?
5
What is the units digit of 86 + 1 - (-112)/(-28)?
3
Let x = 180 + 40. What is the units digit of x?
0
Let j(g) = g**2 - 5*g + 1. What is the units digit of j(-5)?
1
Let u(b) = b**2 - 6*b - 2. Let p be u(6). Let j be 8/(-28) + 23/7. Let r = j + p. What is the units digit of r?
1
Suppose t - 6 = 3*o + 23, -5*t + 4*o + 178 = 0. Let a = 21 + -8. Suppose 0 = -3*z + t + a. What is the tens digit of z?
1
Suppose 3*a - 1 = a + 3*i, 0 = 2*a + 2*i + 4. Let u be (a - -6)/((-6)/(-6)). Suppose -u*z + 2*n = -0*z, 20 = 4*n. What is the units digit of z?
2
Suppose -132 = 15*w - 19*w. What is the units digit of w?
3
What is the tens digit of 3840/84 + 4/14?
4
What is the units digit of (-1)/((-4)/(-104))*6/(-3)?
2
Suppose 4*t + t = 0. Suppose -v + 0*v = t. Suppose -2*l + 20 - 2 = v. What is the units digit of l?
9
Suppose -3*g = 4*n - 3, 1 = 5*g + 3*n + 7. Let j = -4